3521?
3
What is the hundred thousands digit of 3934226?
9
What is the tens digit of 2802894?
9
What is the thousands digit of 22475?
2
What is the ten thousands digit of 3162922?
6
What is the units digit of 10597838?
8
What is the hundred thousands digit of 2098731?
0
What is the ten thousands digit of 2220815?
2
What is the thousands digit of 1237414?
7
What is the tens digit of 1191390?
9
What is the ten thousands digit of 780742?
8
What is the millions digit of 1021403?
1
What is the thousands digit of 15268?
5
What is the ten thousands digit of 502760?
0
What is the hundreds digit of 41647?
6
What is the ten millions digit of 12816470?
1
What is the tens digit of 2192694?
9
What is the millions digit of 18739090?
8
What is the hundred thousands digit of 8361601?
3
What is the ten thousands digit of 8045297?
4
What is the thousands digit of 929947?
9
What is the ten thousands digit of 316903?
1
What is the millions digit of 1409577?
1
What is the units digit of 963504?
4
What is the units digit of 1103482?
2
What is the hundred thousands digit of 237004?
2
What is the tens digit of 5063024?
2
What is the tens digit of 3392944?
4
What is the tens digit of 649626?
2
What is the hundred thousands digit of 241153?
2
What is the hundred thousands digit of 3246819?
2
What is the ten thousands digit of 1474208?
7
What is the thousands digit of 124841?
4
What is the ten thousands digit of 997968?
9
What is the hundred thousands digit of 25117985?
1
What is the tens digit of 863620?
2
What is the hundreds digit of 2588067?
0
What is the tens digit of 1888854?
5
What is the hundred thousands digit of 2692307?
6
What is the hundreds digit of 213159?
1
What is the tens digit of 65472?
7
What is the ten thousands digit of 57119?
5
What is the ten thousands digit of 241878?
4
What is the hundreds digit of 7983254?
2
What is the hundred thousands digit of 7581297?
5
What is the ten thousands digit of 493784?
9
What is the thousands digit of 3785110?
5
What is the units digit of 5724302?
2
What is the millions digit of 1768599?
1
What is the tens digit of 56500?
0
What is the thousands digit of 181042?
1
What is the units digit of 6627245?
5
What is the hundred thousands digit of 1631211?
6
What is the hundreds digit of 2335765?
7
What is the hundred thousands digit of 8787909?
7
What is the hundred thousands digit of 2149868?
1
What is the units digit of 2536791?
1
What is the thousands digit of 140962?
0
What is the millions digit of 1823672?
1
What is the thousands digit of 78414?
8
What is the thousands digit of 348847?
8
What is the millions digit of 15061536?
5
What is the units digit of 361273?
3
What is the thousands digit of 2891707?
1
What is the units digit of 22951?
1
What is the thousands digit of 3236916?
6
What is the ten thousands digit of 251997?
5
What is the hundred thousands digit of 390674?
3
What is the ten thousands digit of 7515903?
1
What is the tens digit of 90221?
2
What is the thousands digit of 25669245?
9
What is the units digit of 2161480?
0
What is the ten thousands digit of 2026302?
2
What is the tens digit of 560945?
4
What is the hundred thousands digit of 19173019?
1
What is the thousands digit of 15685714?
5
What is the tens digit of 154027?
2
What is the units digit of 7294963?
3
What is the thousands digit of 445156?
5
What is the tens digit of 4051041?
4
What is the hundreds digit of 579402?
4
What is the units digit of 71633?
3
What is the units digit of 2185607?
7
What is the hundred thousands digit of 856152?
8
What is the millions digit of 19158392?
9
What is the tens digit of 413077?
7
What is the units digit of 13695662?
2
What is the tens digit of 4743843?
4
What is the thousands digit of 4401181?
1
What is the units digit of 5994880?
0
What is the units digit of 539660?
0
What is the ten thousands digit of 112075?
1
What is the units digit of 3453?
3
What is the hundred thousands digit of 348247?
3
What is the hundreds digit of 380569?
5
What is the tens digit of 9420157?
5
What is the tens digit of 566509?
0
What is the ten thousands digit of 72212?
7
What is the hundreds digit of 618886?
8
What is the hundred thousands digit of 1795986?
7
What is the hundreds digit of 5347576?
5
What is the hundreds digit of 192759?
7
What is the ten thousands digit of 598139?
9
What is the thousands digit of 39277210?
7
What is the hundred thousands digit of 23217916?
2
What is the ten thousands digit of 20544?
2
What is the units digit of 224625?
5
What is the ten thousands digit of 30427?
3
What is the thousands digit of 290587?
0
What is the ten thousands digit of 414134?
1
What is the ten thousands digit of 9395835?
9
What is the millions digit of 4005806?
4
What is the tens digit of 293396?
9
What is the hundreds digit of 3344045?
0
What is the units digit of 815716?
6
What is the tens digit of 3330613?
1
What is the hundreds digit of 14152010?
0
What is the units digit of 75060?
0
What is the units digit of 190796?
6
What is the ten thousands digit of 2924316?
2
What is the ten millions digit of 26789989?
2
What is the ten thousands digit of 18939454?
3
What is the tens digit of 3270453?
5
What is the ten thousands digit of 1022370?
2
What is the units digit of 12767714?
4
What is the hundreds digit of 18285612?
6
What is the millions digit of 31046239?
1
What is the hundred thousands digit of 298310?
2
What is the thousands digit of 409010?
9
What is the hundred thousands digit of 10040543?
0
What is the ten millions digit of 25504158?
2
What is the thousands digit of 227796?
7
What is the hundreds digit of 157936?
9
What is the hundreds digit of 4558508?
5
What is the tens digit of 1468797?
9
What is the ten millions digit of 11066338?
1
What is the hundreds digit of 4348185?
1
What is the thousands digit of 3020764?
0
What is the ten thousands digit of 20341655?
4
What is the ten thousands digit of 328772?
2
What is the hundred thousands digit of 220700?
2
What is the thousands digit of 1094665?
4
What is the hundreds digit of 903137?
1
What is the tens digit of 97466?
6
What is the millions digit of 3365487?
3
What is the thousands digit of 152826?
2
What is the tens digit of 2683647?
4
What is the millions digit of 2288743?
2
What is the tens digit of 1987284?
8
What is the hundreds digit of 2191247?
2
What is the hundreds digit of 3453102?
1
What is the thousands digit of 43216?
3
What is the thousands digit of 3701099?
1
What is the units digit of 2587735?
5
What is the units digit of 1099960?
0
What is the thousands digit of 624446?
4
What is the thousands digit of 392274?
2
What is the units digit of 48663?
3
What is the ten thousands digit of 247805?
4
What is the hundred thousands digit of 14211811?
2
What is the millions digit of 19676161?
9
What is the tens digit of 3626973?
7
What is the units digit of 2427383?
3
What is the thousands digit of 5078242?
8
What is the units digit of 40855588?
8
What is the thousands digit of 7830053?
0
What is the thousands digit of 6238158?
8
What is the thousands digit of 192778?
2
What is the ten thousands digit of 221560?
2
What is the millions digit of 3129288?
3
What is the ten thousands digit of 190772?
9
What is the ten thousands digit of 3811569?
1
What is the hundred thousands digit of 131419?
1
What is the units digit of 2430690?
0
What is the millions digit of 29922449?
9
What is the thousands digit of 1863455?
3
What is the tens digit of 393163?
6
What is the units digit of 620388?
8
What is the thousands digit of 660479?
0
What is the ten thousands digit of 3300960?
0
What is the units digit of 476335?
5
What is the tens digit of 5808628?
2
What is the tens digit of 284511?
1
What is the units digit of 19641516?
6
What is the ten thousands digit of 4942068?
4
What is the tens digit of 315752?
5
What is the hundred thousands digit of 1014602?
0
What is the ten thousands digit of 44915?
4
What is the tens digit of 3754730?
3
What is the thousands digit of 335661?
5
What is the ten thousands digit of 50149?
5
What is the ten thousands digit of 840812?
4
What is the ten thousands digit of 44451?
4
What is the thousands digit of 787204?
7
What is the hundred thousands digit of 12497945?
4
What is the ten millions digit of 11095403?
1
What is the tens digit 